- (-11 + -7 + -1 + (-3 - -5))?
22
What is 15 - (-1 + 4 - -9)?
3
What is 10 + (3 - (18 - 7))?
2
Calculate -8 - -2 - -22 - (-27 - -28).
15
Calculate 0 + 16 - (-1 + -9 - -16).
10
58 + 21 + -16 - 46
17
What is 1 + -6 + (-1 - -21) + -1?
14
What is 38 + 2 - 8 - (24 - 7)?
15
What is 3 - (-5 + 4) - 10 - 12?
-18
(-6 - (1 - (10 - (1 + 6)))) + 2
-2
What is the value of -2 + 11 + (39 - 2 - 25 - 24)?
-3
Calculate -2 + (1 - 4 - 3) - (-6 + 1).
-3
Evaluate (0 - 1) + (-96 - -89).
-8
Calculate -14 + (-3 - -7) + 3 + -1 + -2.
-10
What is 2 + (-8 + -5 - 8)?
-19
Calculate 0 - (6 + (-8 - -4 - -1)) - 4.
-7
11 + (-5 - -4) + 1
11
Evaluate -23 + 1 - (-3 - (-1 + -7) - 13).
-14
What is (12 - 28) + 4 + 6 + -6?
-12
Calculate 5 + (1 - 10) + 0 - (-9 - -13).
-8
Calculate (0 + 1 - (2 - (-2 + 2))) + -14.
-15
9 - ((-8 - 2) + 15)
4
(-10 - 7) + 2 + 4 + (9 - 13)
-15
Calculate (124 - 95) + (-3 - 25).
1
What is the value of -6 + 20 + (-8 - 2 - -13)?
17
What is -4 - 1 - (-280 + 267)?
8
Evaluate -11 + (8 - (7 + -3)).
-7
What is -5 + (-19 - -4) + (12 - 10)?
-18
What is -29 - (-10 + -2 + -5 + 11)?
-23
(-10 - 0) + -145 + 156 + (-38 - -3)
-34
-17 - (-15 + (5 - 0))
-7
Evaluate 13 + -4 + 15 + -39.
-15
What is (-4 - ((-3 - -3) + -4)) + 3 + -16?
-13
Calculate 5 - (-6 - (-12 + 21)) - 11.
9
Evaluate -13 - -1 - (-18 + (-17 - -34)).
-11
-6 + (8 + -4 - 6)
-8
What is the value of (0 - (-1 - (1 - 2))) + (63 - 59)?
4
What is 15 + -11 + 26 - 58?
-28
What is -2 + -12 + (-1 - -8) + -3?
-10
Evaluate -5 + -8 + 7 - -9.
3
What is the value of (22 - 26) + (24 - (1 + -3 + 8))?
14
0 + 7 + (1 - (5 + -2 - -1))
4
What is -20 - (-8 + (-9 - -9))?
-12
What is the value of (-8 - -7) + 1 + -8 + 119 + -109?
2
What is 29 - 42 - (-7 + (-5 - 15))?
14
Calculate 1 + 2 - ((0 - -3) + 5) - -5.
0
Calculate (-5 - 0) + (-50 - -83) + 6.
34
Evaluate -5 - ((7 - (15 + -1)) + 24).
-22
-1 + 4 + (-10 - (-3 - -15))
-19
Calculate -8 - (-21 + 41 + -27).
-1
Calculate (-12 - 1 - -7) + (14 - (2 - -4)).
2
What is -2 + (3 - (6 + -6)) - (-16 + 12)?
5
What is the value of 23 - (38 + 45 + -61)?
1
Calculate -49 + (15 - (10 + -12 + 3)).
-35
Calculate (-14 + 7 - -4) + -3 - -9.
3
17 - 12 - -6 - (8 - -22)
-19
Calculate -39 + 41 + (-27 - 2).
-27
-9 + 8 + (1 - -1 - -2 - -4)
7
What is (-13 - (6 - 20)) + 3 - (5 + 1)?
-2
What is 13 - (-17 - (3 - 46))?
-13
-6 + (-8 + 23 + -9 - (20 - 3))
-17
What is the value of (13 - (-2 + -9 - -11)) + 6 + 0?
19
Calculate 16 - (-9 - -17 - 18).
26
What is (1 - 9) + (15 - 81) + 57?
-17
7 + 2 - (-210 - -207)
12
What is the value of (16 + -11 - -11) + 0?
16
Evaluate -9 - (7 + 11 - 8).
-19
(-25 - (6 - -3)) + 28
-6
What is -1 + (-2 - -17) + -2 + -9 + -31?
-28
Calculate 15 + 8 + -27 - (-8 + -2).
6
What is -3 + (12 - (20 - 1))?
-10
What is 2 - 14 - -2 - (-937 - -945)?
-18
-4 + 0 + (-4 - -5) + -7 + 6
-4
Evaluate 0 - (-9 + -1 + (-5 - (-10 - 0))).
5
-3 + 3 + (-6 - -8) + 5
7
Evaluate 22 + -47 + -3 + 18.
-10
-4 - (7 + -21 - -13)
-3
Calculate (1 - -13) + -37 + 29.
6
Calculate 2 + -7 + 7 - -24.
26
Evaluate (-1019 - -1005) + 1 + 34.
21
What is 7 - (0 - -2) - -3 - -1?
9
Calculate -10 - (-3 - (7 + -2)).
-2
3 + -2 + 1 - (-44 + 39)
7
What is -16 + (16 - (-6 + 9))?
-3
Calculate (2 - (8 + -2)) + (-4 - 6).
-14
12 + 10 + -10 + -9 + (0 - 3)
0
What is 8 - (-7 + (-7 - -5 - -6))?
11
Calculate -4 + -12 - -10 - (-6 + -14).
14
(7 - (-36 + 62)) + 28
9
What is the value of 8 - (2 - 9 - (3 + -10 + 6))?
14
Evaluate -10 - (-49 - -38) - 40.
-39
What is the value of (45 + -30 - 88) + 42?
-31
-160 + 189 - (-3 - 4)
36
What is -8 + 2 + 18 + -15?
-3
Evaluate 2 + -10 + (0 - -2) + 229 + -227.
-4
What is (4 - 4) + (15 - 4) + (7 - 5)?
13
143 + -153 - (-3 - 22)
15
7 - -35 - 37 - 12
-7
2 + (-8 - 3) + (2 - -14)
7
What is -14 - (17 - 35 - -8)?
-4
What is 10 + (-19 - 18) + 15?
-12
What is 118 + -103 - (2 - -17)?
-4
16 - (-1 + (-16 - (-3 - 23)))
7
What is -8 + -6 + 4 + (-16 - (-32 + 23))?
-17
What is the value of (-6 - -5 - -10) + (-17 - -16)?
8
Evaluate (-11 - -5) + 0 + 4 + -4 - 4.
-10
Evaluate (-2 - 0) + (4 - (7 - 4)).
-1
-16 - (-2 - (-8 + 4 - (4 - 5)))
-17
(1 + -2 - -4 - 30) + (258 - 259)
-28
Evaluate -7 + (-7 - (27 - 45)).
4
What is 578 + -530 + (-1 - 22)?
25
Calculate -6 - (0 - (3 + 10 - 3 - 0)).
4
What is -12 + -12 + 4 + (-5 - -17)?
-8
Evaluate 1 - -1 - 0 - (-1028 - -1043).
-13
Evaluate (-25 + 12 + 15 - (-1 + -1)) + 16.
20
What is the value of 17 - (30 + (-5 - 11))?
3
35 + 1 + -11 + (-11 + 25 - 9)
30
What is the value of 11 - (-5 + 23) - -15?
8
Calculate -16 - 2 - 2 - -6.
-14
Calculate (0 - 0 - -1) + (211 - 212) - -3.
3
(7 - -1) + 1 + 10 + 753 + -765
7
What is -39 + 0 - (-1246 + 1207)?
0
What is the value of (3 - 4 - 3) + (24 - 20)?
0
Calculate 67 - (-70 - -156) - (2 + -14).
-7
What is the value of 0 + 3 + (-1 + -3 - -1)?
0
What is -2 - (-11 + 18 + 3)?
-12
What is -36 + (-7 - -21) + 15?
-7
What is the value of 16 + -27 + (-24 + 14 - -5)?
-16
What is the value of (-3 - 2 - 0) + 17 + -3 + -1?
8
What is the value of 4 + (8 - 13) + 8 - -8?
15
What is the value of 9 - ((-41 - -17) + -1 + 13)?
21
Calculate (-10 - 4) + 8 + 8 - -5.
7
What is the value of -39 + 16 + 16 + 3 + -4?
-8
Evaluate 4 - (-3 - -14) - -11.
4
Evaluate -7 + (7 - (5 + (3 - 5))) + 13.
10
What is the value of (21 - 4) + 13 + -16 - (-10 - -1)?
23
Evaluate 38 + (9 + 33 - 38).
42
29 + -66 + 39 - -2
4
(-1 - (41 - 33)) + (0 - (1 + -7))
-3
What is -35 + (105 - 38) - 20?
12
Calculate (-3 - (1 + -10 + 23 - 8)) + 1.
-8
(-12 - -10) + 9 + 2 + -9
0
What is (8 - 6 - 0 - 0) + 4 + 3?
9
Evaluate -43 + 20 + 12 - 13.
-24
What is -1 + -15 - (-420 + 384) - 0?
20
Evaluate 0 + -20 + (-43 + 23 - -24).
-16
Calculate (59 - 70) + (-6 - 1).
-18
(0 - (1 - (3 - 6))) + -7 + 3
-8
What is the value of 14 + -14 + 2 + (-6 - -3) + 13?
12
Evaluate (2 + -4 + 7 - -4) + -14.
-5
(-2 - (-2 - -1)) + -614 + 622
7
What is the value of 0 + 5 - ((-8 - -2 - -19) + -9)?
1
What is the value of (-8 - 26) + 1 + -4 + 14 + -4?
-27
What is (73 - (-5 - -39)) + -71?
-32
4 - (8 - (8 - (-4 + 3 + -7)))
12
What is the value of -5 - ((6 - 4) + 12)?
-19
Calculate -7 - (-9 + 16) - -6 - (0 - -2).
-10
Calculate -7 - (-13 - -11) - 4.
-9
Calculate 24 - 50 - -23 - (-16 + 0).
13
Evaluate -4 + (-7 - (14 - 12)) + (2 - -2).
-9
11 - ((9 - (7 - 0)) + 0 + -4)
13
Calculate -92 + 95 - (23 - 2).
-18
-1 + -6 + 1 + -11 + -7 + 11
-13
Evaluate 3 - (24 - 46) - 9.
16
Evaluate (23 + -11 - 11) + 2 + -14.
-11
What is the value of -20 + 38 + -12 - (-3 + -18) - -7?
34
Evaluate -1 - (12 - (10 + -1 - 8)).
-12
Evaluate 61 + -43 + 37 + -25.
30
11 + (1 - -7) - 13
6
Calculate (-10 - -8) + 5 + -22.
-19
What is the value of (18 - 1 - -6) + -8?
15
Evaluate 4 + -51 + 39 + 0 + (-6 - -1).
-13
What is the value of 20 + (-4 - (7 - (-4 - -9))) + -2?
12
Evaluate (-1 - 1) + (-3 - 8 - (-1 + 3)).
-15
Calculate (18 - (-13 + -3 + 22)) + -11.
1
What is (-6 - ((-1 - -6) + -36)) + -2 + -1?
22
What is 17 - (-19 - (6 + -54))?
-12
-63 - -43 - -26 - (0 + -9 + 0)
15
What is 0 + 11 + (20 - 20 - 13)?
-2
Evaluate 5 + -1 + 1 + 6 + -14 + 3.
0
What is the value of 0 - -42 - (-125 + 72 + 68)?
27
-10 + 24 + (-14 - -8)
8
What is 11 + (-10 + -5 - -14)?
10
What is 20 + -3 - (-13 - (-12 - -19))?
37
What is the value of 3 - (1 + (1 - (-10 - -9)))?
0
What is (-6 - -4 - 0) + (5 - -1) - 12?
-8
-8 + (7 - (-9 - 1 - -6)) + 3
6
1 + -1 + (8 - 8) - -1
1
What is the value of 2 - (-1 - -21) - (755 + -765)?
-8
Calculate 1 + (3 - (4 - 5)).
5
What is 31 - 26 - (3 - -4 - 0) - 9?
-11
0 - -6 - (-7 + 24 + -6)
-5
What is (-2 - -6 - (4 - (22 - 28))) + 7?
1
What is 23 - 23 - (-2 + 9)?
-7
Evaluate -7 - (5 - 2 - 13) - (2 + -6).
7
Evaluate 8 + -4 + 6 + 5.
15
What is the value of ((-8 - -11) + -7 - 5) + 18?
9
Calculate 179 + -123 + (-25 - 5).
26
What is -5 - (7 - 9 - (9 - 0))?
6
Evaluate (7 - -26) + -38 + (11 - 4).
2
14 - (11 - 14 - -18) - (7 + 0)
-8
What is the value of -16 + (0 - -13 - 1)?
-4
What is 34 + (13 - 23) - 28?
-4
Calculate 2 + (12 - (1 - (4 + -26))).
-9
What is (38 - 42 - (-3 - -2)) + 1 + -1?
-3
What is 0 - (8 - (-1 - -5)) - -8?
4
Evaluate -17 + 6 - (-37 + 27).
-1
What is the value of -8 + (10 - (-7 + 0 + 5))?
4
Evaluate (-16 - -19) + (-6 - -6) + -10.
-7
What is -14 + -8 + 31 + (1 - 10 - 1)?
-1
Calculate (2 - -16) + (-2 - (18 - 11)).
9
What is the value of -10 - 5 - -10 - -1?
-4
What is the value of 0 + -57 - (338 + -361)?
-34
What is the value of 